ors of 9185.
5, 11, 167
List the prime factors of 38624.
2, 17, 71
List the prime factors of 156618.
2, 3, 7, 11, 113
What are the prime factors of 75456?
2, 3, 131
List the prime factors of 15973.
15973
What are the prime factors of 12106?
2, 6053
List the prime factors of 1733.
1733
What are the prime factors of 1085?
5, 7, 31
List the prime factors of 1186.
2, 593
What are the prime factors of 3205?
5, 641
What are the prime factors of 7407?
3, 823
What are the prime factors of 423?
3, 47
List the prime factors of 44654.
2, 83, 269
List the prime factors of 89407.
29, 3083
What are the prime factors of 13963?
13963
List the prime factors of 2841.
3, 947
List the prime factors of 13284.
2, 3, 41
What are the prime factors of 19192?
2, 2399
List the prime factors of 3214.
2, 1607
What are the prime factors of 6652?
2, 1663
List the prime factors of 10750.
2, 5, 43
What are the prime factors of 40795?
5, 41, 199
What are the prime factors of 37028?
2, 9257
List the prime factors of 392.
2, 7
List the prime factors of 6486.
2, 3, 23, 47
What are the prime factors of 9130?
2, 5, 11, 83
List the prime factors of 34787.
43, 809
What are the prime factors of 3006?
2, 3, 167
List the prime factors of 1296.
2, 3
What are the prime factors of 23511?
3, 17, 461
What are the prime factors of 19103?
7, 2729
List the prime factors of 33633.
3, 37, 101
What are the prime factors of 12696?
2, 3, 23
List the prime factors of 4596.
2, 3, 383
What are the prime factors of 4683?
3, 7, 223
List the prime factors of 1358.
2, 7, 97
What are the prime factors of 19291?
101, 191
What are the prime factors of 4553?
29, 157
What are the prime factors of 4546?
2, 2273
List the prime factors of 32548.
2, 79, 103
What are the prime factors of 996?
2, 3, 83
What are the prime factors of 13962?
2, 3, 13, 179
List the prime factors of 6240.
2, 3, 5, 13
What are the prime factors of 66827?
17, 3931
List the prime factors of 15368.
2, 17, 113
List the prime factors of 5264.
2, 7, 47
What are the prime factors of 903?
3, 7, 43
What are the prime factors of 1058?
2, 23
What are the prime factors of 863?
863
What are the prime factors of 1290?
2, 3, 5, 43
List the prime factors of 14573.
13, 19, 59
List the prime factors of 397.
397
List the prime factors of 9761.
43, 227
List the prime factors of 2833.
2833
List the prime factors of 5494.
2, 41, 67
What are the prime factors of 1388?
2, 347
What are the prime factors of 51992?
2, 67, 97
What are the prime factors of 1349?
19, 71
What are the prime factors of 17825?
5, 23, 31
What are the prime factors of 20567?
131, 157
What are the prime factors of 697?
17, 41
What are the prime factors of 114710?
2, 5, 11471
What are the prime factors of 5507?
5507
List the prime factors of 85059.
3, 13, 727
List the prime factors of 1624.
2, 7, 29
List the prime factors of 2441.
2441
List the prime factors of 4205.
5, 29
What are the prime factors of 3054?
2, 3, 509
List the prime factors of 1178.
2, 19, 31
What are the prime factors of 1260?
2, 3, 5, 7
What are the prime factors of 8595?
3, 5, 191
List the prime factors of 2978.
2, 1489
What are the prime factors of 23753?
23753
List the prime factors of 3524.
2, 881
What are the prime factors of 1333?
31, 43
List the prime factors of 8804.
2, 31, 71
What are the prime factors of 58159?
19, 3061
What are the prime factors of 1552?
2, 97
What are the prime factors of 2607?
3, 11, 79
What are the prime factors of 10921?
67, 163
List the prime factors of 566.
2, 283
List the prime factors of 8333.
13, 641
What are the prime factors of 32?
2
What are the prime factors of 3165?
3, 5, 211
What are the prime factors of 461?
461
List the prime factors of 1916.
2, 479
List the prime factors of 670.
2, 5, 67
List the prime factors of 12282.
2, 3, 23, 89
What are the prime factors of 14423?
14423
What are the prime factors of 74232?
2, 3, 1031
List the prime factors of 45431.
181, 251
List the prime factors of 20255.
5, 4051
List the prime factors of 49787.
49787
What are the prime factors of 57272?
2, 7159
What are the prime factors of 166?
2, 83
List the prime factors of 894.
2, 3, 149
List the prime factors of 485.
5, 97
What are the prime factors of 4657?
4657
List the prime factors of 65136.
2, 3, 23, 59
List the prime factors of 94249.
307
What are the prime factors of 945?
3, 5, 7
List the prime factors of 7035.
3, 5, 7, 67
List the prime factors of 64492.
2, 23, 701
What are the prime factors of 740?
2, 5, 37
What are the prime factors of 347?
347
List the prime factors of 858.
2, 3, 11, 13
List the prime factors of 6114.
2, 3, 1019
What are the prime factors of 3392?
2, 53
List the prime factors of 3463.
3463
What are the prime factors of 2723?
7, 389
List the prime factors of 145011.
3, 48337
List the prime factors of 3720.
2, 3, 5, 31
What are the prime factors of 4999?
4999
List the prime factors of 4136.
2, 11, 47
List the prime factors of 4211.
4211
What are the prime factors of 13889?
17, 19, 43
List the prime factors of 138848.
2, 4339
List the prime factors of 8582.
2, 7, 613
What are the prime factors of 14715?
3, 5, 109
What are the prime factors of 5273?
5273
List the prime factors of 1665.
3, 5, 37
What are the prime factors of 93411?
3, 97, 107
List the prime factors of 4765.
5, 953
List the prime factors of 9442.
2, 4721
List the prime factors of 4296.
2, 3, 179
List the prime factors of 18726.
2, 3, 3121
List the prime factors of 1239.
3, 7, 59
What are the prime factors of 61547?
61547
List the prime factors of 67306.
2, 73, 461
What are the prime factors of 8882?
2, 4441
List the prime factors of 13254.
2, 3, 47
List the prime factors of 9092.
2, 2273
List the prime factors of 1312.
2, 41
List the prime factors of 31754.
2, 15877
List the prime factors of 23287.
11, 29, 73
List the prime factors of 2282.
2, 7, 163
List the prime factors of 790.
2, 5, 79
List the prime factors of 1301.
1301
What are the prime factors of 10862?
2, 5431
What are the prime factors of 597?
3, 199
What are the prime factors of 1229?
1229
List the prime factors of 3265.
5, 653
List the prime factors of 10371.
3, 3457
List the prime factors of 180.
2, 3, 5
What are the prime factors of 3729?
3, 11, 113
List the prime factors of 9618.
2, 3, 7, 229
List the prime factors of 118684.
2, 29671
List the prime factors of 1994.
2, 997
What are the prime factors of 39?
3, 13
List the prime factors of 920.
2, 5, 23
What are the prime factors of 1140?
2, 3, 5, 19
List the prime factors of 15741.
3, 11, 53
What are the prime factors of 59057?
73, 809
List the prime factors of 53960.
2, 5, 19, 71
List the prime factors of 327.
3, 109
What are the prime factors of 26401?
17, 1553
List the prime factors of 5107.
5107
What are the prime factors of 1310?
2, 5, 131
What are the prime factors of 23044?
2, 7, 823
List the prime factors of 936.
2, 3, 13
What are the prime factors of 27103?
27103
What are the prime factors of 1230?
2, 3, 5, 41
What are the prime factors of 495?
3, 5, 11
List the prime factors of 139507.
61, 2287
List the prime factors of 84399.
3, 7, 4019
List the prime factors of 4139.
4139
List the prime factors of 7987.
7, 163
List the prime factors of 13498.
2, 17, 397
List the prime factors of 1238.
2, 619
What are the prime factors of 85?
5, 17
List the prime factors of 1505.
5, 7, 43
List the prime factors of 4578.
2, 3, 7, 109
What are the prime factors of 6150?
2, 3, 5, 41
What are the prime factors of 189?
3, 7
List the prime factors of 376.
2, 47
List the prime factors of 9435.
3, 5, 17, 37
List the prime factors of 63985.
5, 67, 191
What are the prime factors of 821?
821
What are the prime factors of 6518?
2, 3259
List the prime factors of 138.
2, 3, 23
What are the prime factors of 1914?
2, 3, 11, 29
List the prime factors of 1627.
1627
List the prime factors of 6113.
6113
List the prime factors of 2801.
2801
List the prime factors of 75324.
2, 3, 6277
What are the prime factors of 9486?
2, 3, 17, 31
List the prime factors of 2108.
2, 17, 31
What are the prime factors of 1109?
1109
What are the prime factors of 5862?
2, 3, 977
List the prime factors of 105.
3, 5, 7
List the prime factors of 2457.
3, 7, 13
What are the prime factors of 879?
3, 293
List the prime factors of 3557.
3557
What